6*p + 497. What is the hundreds digit of p?
1
Suppose f + 13 = 13. Suppose 5*m - 1041 - 124 = f. Suppose -6*d + 469 = -m. What is the units digit of d?
7
What is the hundreds digit of ((-40)/(-24) + -2)*(-3 + -73674)?
5
Suppose 3*o = 5*l - 78384, 4939 = l + 2*o - 10730. What is the units digit of l?
5
Let a = 422 + 27. Let l = -141 + a. What is the tens digit of l?
0
Let g = 70489 - 42530. What is the hundreds digit of g?
9
Suppose -18*g = -0*g + 144. Let y be 1*(2 + g + 2)/(-2). What is the units digit of 0 + 0 + (-3)/3 + y?
1
Let w = -232 - -234. Suppose 44 + 702 = 3*x - 4*c, -492 = -w*x + 4*c. What is the tens digit of x?
5
What is the units digit of -2273*((-95)/19 + -9)?
2
Let g(t) be the third derivative of t**5/15 + t**4/6 - 2*t**3 - t**2. Let u be (-3)/(9/6)*(-40)/(-16). What is the tens digit of g(u)?
6
Let k = -38 + 41. Suppose k*a - 2684 - 718 = 0. What is the hundreds digit of (-1 - 4) + a/7?
1
Let k = -1 - -5. Suppose 5*i + 17 = 4*a - k, -2*a + 4 = 4*i. Suppose -2*w = -5*f + 143, a*f - 70 - 30 = -2*w. What is the tens digit of f?
2
Let b = -18516 + 29839. What is the units digit of b?
3
Let b be (-80)/(-3)*(-183)/(-2). Suppose -2*g = 5*z - b, 2*z - 960 = -4*g - 0*g. What is the tens digit of z?
9
What is the hundreds digit of 808*(1*(-3)/(-1) - (-175)/(-140))?
4
Suppose 0 = -54*p + 51*p + 13671. What is the units digit of (p/(-14))/(4/(48/(-9)))?
4
Suppose 24*u - 32 = 16*u. Suppose -b + 359 = u*s, 5*s - 6*b = -5*b + 442. What is the units digit of s?
9
Let n be (4 - (3 + -5)) + -8 + 4. Suppose 2769 = 5*z - 2*x, x = n*x + 2. What is the hundreds digit of z?
5
Let c(f) = 3*f**2 + 18*f + 217. What is the units digit of c(47)?
0
Suppose -7*z = -2*z - 1880. Suppose 322 - 387 = -13*a. Suppose -z = i - a*i. What is the units digit of i?
4
Let i(p) = -11 + 40*p**3 - 42*p**3 + 9*p - 21*p**2 - 13. What is the hundreds digit of i(-12)?
3
Let h(x) = 3*x**2 + 7*x + 16. Let p be 1178/(-95) + (-1)/(-5)*2. What is the tens digit of h(p)?
6
Let o(q) = -916*q - 1. Let p be o(1). Let b = -317 - p. What is the tens digit of b?
0
Let y(f) be the second derivative of f**5/20 + 7*f**4/12 + f**3/2 - f**2 + 11*f. Let a be y(-8). What is the tens digit of 280/6 - 30/a?
4
Let g = 5801 - -5183. Suppose 40*a + g = 27944. What is the tens digit of a?
2
Let f(v) = 23*v**2 + 81*v - 9*v**2 + 92*v - 185*v - 31. What is the tens digit of f(-4)?
4
Let l(o) = 7*o + 62. Suppose 20 = u + 5*f, -2*u + 3*u = -4*f + 19. What is the tens digit of l(u)?
6
Suppose 5*m = -4*b + 194625, 78705 = 2*m + 3*b + 848. What is the thousands digit of m?
8
Let l be (-44)/(-77) + 12/(-21). Suppose l = -t + 54 + 201. What is the tens digit of t?
5
Suppose 16 = 4*k, -l - 1552*k + 1556*k + 26739 = 0. What is the tens digit of l?
5
Let r(a) = -15*a**3 + 58*a**2 + 100*a - 68. What is the tens digit of r(-16)?
2
Let p(z) = 57*z**2 + 137*z + 729. What is the ten thousands digit of p(24)?
3
Let i = -530 + 683. Suppose n + 88 - i = 0. What is the tens digit of n?
6
Let i be (-9)/6*220/(-30). What is the tens digit of 6 + -4 - -38*i?
2
Suppose -5*c + 147346 = 4*r, 6*r - 2*c - 168025 - 52937 = 0. What is the tens digit of r?
2
Suppose 20 = -5*c - 55. Let z(q) = 13 + 2 - 77*q + 5 + 15 + 76*q. What is the tens digit of z(c)?
5
Let m = 58162 - 23925. What is the ten thousands digit of m?
3
Let q be (1 + 1)*-1 + -3. What is the hundreds digit of (-4 - q)/((-2)/(-468))?
2
What is the tens digit of 6/11 - (737135/(-11) - 504/2772)?
1
Let l be (-6)/15*2460*(-5)/5. Let u = l + -458. What is the hundreds digit of u?
5
Let a = 1291 - 511. Let m = -47 + a. What is the hundreds digit of m?
7
Let r(n) be the first derivative of -n**4/4 + n**3 + 4*n**2 - 10*n + 5. Let g be r(4). Suppose -546 = g*k - 13*k. What is the units digit of k?
8
Suppose 221*s - 228*s = 16814. What is the units digit of s/(-18) + (-2)/9*2?
3
Let b(v) = -5*v**3 + 32*v**2 - 16*v + 20. Let k(p) = 22*p**3 - 129*p**2 + 65*p - 80. Let r(m) = -9*b(m) - 2*k(m). What is the hundreds digit of r(31)?
3
Let c(f) = f**2 - 2*f - 15. Let s be c(-4). Let v be (3 - 3*(-8)/3)*s. Let a = v - -62. What is the hundreds digit of a?
1
Let f = 43 - 54. Let s = f - -16. Suppose -80 = 4*o - s*o. What is the tens digit of o?
8
Suppose 5*n - 1081 + 186 = 0. Suppose -p - n + 12 = 0. Let v = p + 374. What is the units digit of v?
7
Let m = 1086 + -744. Suppose 4*h - b = -6*b + m, 3*b = 2*h - 182. Suppose -2*u - 152 + 52 = -3*v, 3*v = 5*u + h. What is the units digit of v?
6
Suppose -q + 10*v = 3*q - 47424, 5*q - 59301 = 2*v. What is the ten thousands digit of q?
1
Let r(y) be the third derivative of y**6/120 + y**5/6 - y**4/12 + 10*y**3/3 + 30*y**2. Let x be r(-9). Suppose -4*k = x - 1035. What is the units digit of k?
9
Suppose -320 = 6*n - 22*n. Let f(j) = -j**2 + 18*j + 66. Let k be f(n). What is the tens digit of ((-6 - -48) + -2)/(4/k)?
6
Suppose -b + 81 = -33. Suppose -38*k + b = -36*k. What is the tens digit of k?
5
What is the thousands digit of (-1 - -11396) + 3 - (0/9)/(-7)?
1
Let f be 482/14 + 132/231. Let q(p) = 37*p**3 - p - 1. Let g be q(-1). Let w = f - g. What is the units digit of w?
2
Let t = 183 - 182. What is the units digit of (0 + -2)*t*(-2637)/18?
3
Let t = 13141 + 2671. What is the thousands digit of t?
5
Let i(q) = 12*q**2 - 6*q - 243. What is the tens digit of i(27)?
4
Suppose d + 8*p - 7*p + 555 = 0, 3*d + 1663 = -4*p. Let s = -118 - d. What is the hundreds digit of s?
4
What is the tens digit of 10/(-12)*(-3633 - -39)?
9
Let w(h) = -8*h**3 + 3*h**2 - 3*h + 2. Let p be w(-6). Let k = -13727 + 13726. What is the tens digit of k/(-3) + p/12?
5
Let m = 94280 + -61180. What is the ten thousands digit of m?
3
Let h(n) = 104*n**2 - 40*n - 2. What is the thousands digit of h(-5)?
2
Suppose -45*u + 127409 = -87466. What is the hundreds digit of u?
7
What is the hundreds digit of -9 + (-13)/(((-76)/4384)/19)?
2
Let k = 396 - 158. Suppose 3*b + k = 2977. What is the hundreds digit of b?
9
Suppose 0*i + 1560 = 6*i. Let a = -176 + i. Suppose 8*k - a = 7*k. What is the tens digit of k?
8
Suppose 0 = -q + i + 7345, 41*q - 3*i - 14687 = 39*q. What is the units digit of q?
8
Let u = 1038 - 676. Suppose 2*k - n - u = n, -4*n = 20. What is the tens digit of k?
7
Let d(t) = 367*t + 151. Let j(m) = 551*m + 227. Let s(v) = 8*d(v) - 5*j(v). What is the hundreds digit of s(3)?
6
Let j(n) = -20*n**2 + 36*n - 104. Let p be j(3). What is the units digit of 32/p - ((-10234)/22 - 2)?
7
Suppose -3*n + 3430 = 2*n. Suppose n = -4*d + 5*d. Suppose 5*s - 3*r - 745 + 61 = 0, 5*s - d = 2*r. What is the tens digit of s?
3
Let v = -126 - -735. Let d = v - 415. What is the tens digit of d?
9
Suppose 3*t + 2*j - 3414 = 0, -t = -4*t - 3*j + 3411. Suppose 4*a = -4*l + t, -3*l - l + 1135 = -a. What is the hundreds digit of l?
2
Let b be (-6)/39 - 17031/(-91). Suppose -4*t + 7*t + 5*r - 629 = 0, 4*r = t - b. What is the hundreds digit of t?
2
Let l be 7 - (-1 + 0)/(8/24). What is the units digit of 50 + ((-25)/15)/(l/(-12))?
2
Suppose 4*a - 5*z = 28389, -4*z + 26463 = 4*a - 1953. What is the tens digit of a?
0
Suppose 53*q - 45987 - 46657 = 0. What is the thousands digit of q?
1
Let o(b) = 16*b + 734. What is the thousands digit of o(72)?
1
Let x = 407 + 245. Suppose x = -4*z + 2036. What is the hundreds digit of z?
3
What is the ten thousands digit of (((-5)/35)/(6/21))/((-5)/222370)?
2
Let r(s) = -23*s - 17. Let w be (3/(-1) - 0) + 9 + -10. What is the tens digit of r(w)?
7
Suppose 8*g - 3*g = 725. Let z = g + -92. Suppose 2*l - 2*s - 46 = 3*s, 5*l + 3*s = z. What is the tens digit of l?
1
Let r(y) = -y**3 + 17*y**2 - 17*y - 15. Let h be r(16). Let c = 32 + h. What is the units digit of c + 21 - (-14 + 10)?
6
Suppose -7*w + 12*w - 10 = 0. Suppose 0 = t - w, 2*g - g = -t + 81. Suppose z - 4 - g = 0. What is the units digit of z?
3
Suppose 13949 = -21*a + 34*a. Let h = a + -218. What is the units digit of h?
5
Suppose 4*r - 73 = 15. Suppose r*x + 80 = 27*x. Suppose -14*n - 58 = -x*n. What is the units digit of n?
9
Let w(s) = 3*s**3 + 21*s**2 + 2*s + 10. Let k be w(-7). Let h = 95 + k. What is the units digit of (-10 + 0)*h/(-14)?
5
Let m(s) = -1702*s + 6070. What is the ten thousands digit of m(-13)?
2
Suppose -13376 = -35*y + 253230 + 79369. What is the thousands digit of y?
9
